**2 - a**2 - 2. Calculate n(k).
-7
Let k = -67 + 68. Let h be 6/4 + k + (-5)/(-2). Suppose 3*v - v + h = -y, 0 = 2*y + 2. Let m(z) = 2*z**2 + 2*z - 2. Give m(v).
2
Suppose -4*a = -5*j - 1883, 3*a + 0*a = 4*j + 1412. Let s = -470 + a. Let l(d) = d - 1. Determine l(s).
1
Let p = 33989 - 33989. Let b(g) = g**3 + 32*g - 1. Calculate b(p).
-1
Let y(i) = i**2 + 12*i + 2. Let t be y(-12). Let w(o) = -8*o - 69. Let p be w(-9). Let q(h) = 4*h**t - 2 - p*h**2 + 3. Determine q(-2).
5
Let b = -4 - -22. Suppose -b = 4*p - 2*p. Let r(j) = j - 2*j + 0*j - 8. Determine r(p).
1
Let d(h) = -3*h - 6. Let f be d(-3). Let c(g) = -f*g + 42*g**3 + 4*g - 8*g**2 + 2 - 43*g**3. Let k(l) = -l**2 + 2*l. Let r be k(4). Determine c(r).
-6
Let x(p) = -41*p**3 - 5 - 857*p + 13*p**2 + 861*p + 43*p**3. Calculate x(-6).
7
Let g(b) = 2*b**3 + 5*b**2 + 3*b - 1. Let k(c) = -6*c - 129. Let y = -397 + 376. Let l be k(y). Determine g(l).
-19
Let z(d) be the second derivative of -d + 8 + 1/3*d**3 - 29/2*d**2. What is z(12)?
-5
Let o(u) be the first derivative of -u**7/840 + u**6/360 + u**5/120 - u**4/12 + 28*u**3 - 6. Let b(x) be the third derivative of o(x). Calculate b(0).
-2
Let t(d) be the first derivative of d**2 - 2*d + 62. Let w(s) = -5*s**2 + 7*s - 14. Let q(y) = -5*t(y) + w(y). What is q(-3)?
-40
Let n(d) = 3*d - d**3 + 12 + 5 + 0 + 16 - 8*d**2. Let l be n(-8). Let c(b) = 0*b**2 - l*b**3 + b**2 - 2*b**3 + 1 + b. Calculate c(-1).
12
Suppose -p + 4 = -21*b + 20*b, p + 5*b = -14. Let j(i) = 5*i**2 - 5*i + 2. Let x(r) = 3*r**2 - 3*r + 1. Let q(v) = -4*j(v) + 7*x(v). Give q(p).
-1
Suppose 0 = 3*v + f + 16 - 24, 4*v + 5*f - 18 = 0. Let k(u) = u. Let c(r) = 9*r. Let d(w) = -c(w) + 4*k(w). Determine d(v).
-10
Suppose 42 = -16*a + 9*a. Let c be 15/(-9) - (4/a + 1). Let k(r) be the third derivative of r**6/60 + r**5/60 - r**4/8 - r**3/6 + 3*r**2. Determine k(c).
-7
Let z be (-8)/(-12) + 4/(-6). Suppose z = 3*a + 2*a - 10. Let j(l) = l**2 - 5*l - 7. Let n(r) = r**2 - 4*r - 5. Let m(f) = 3*j(f) - 4*n(f). What is m(a)?
-3
Suppose 14*g - 10 = 31 + 1. Let t(d) be the first derivative of -15 + 7/3*d**g + 1/4*d**4 + 9/2*d**2 + 3*d. Give t(-6).
-15
Let j(v) = 2*v**3 - 9*v**2 - 5*v + 6. Let s(i) = -i**3 + i**2. Let b(f) = -j(f) - 3*s(f). Suppose 5*y - 21*y = -2768. Let r = 168 - y. Determine b(r).
-6
Let o = -4 + -3. Let c be (-14)/o + -1 + 8. Let l(v) be the first derivative of -v**2 + 8*v - 14. Determine l(c).
-10
Let b(i) = i**2 + 12*i + 1. Let q be b(-9). Let w = q + 24. Let r(j) = -j + 5 - 19 + 4 + 8 + 2*j**2. Calculate r(w).
8
Let u(r) = -8*r + 1. Let l(t) = -4*t**2 - 12*t + 22. Let s be l(-7). Let v = 93 + s. Give u(v).
-23
Suppose -4*y - 5*s = -29, -3*s + 33 = 4*y + y. Let h(r) = 2425 - 810 - 804 - 812. Let n(a) = a + 13. Let i(t) = y*h(t) + n(t). Calculate i(-7).
0
Let a be ((-1)/((-3)/7))/((-48)/(-432)). Suppose a*o - 5 - 16 = 0. Let k(w) be the first derivative of 3*w**4 - w**3/3 + w - 2. Determine k(o).
12
Let x(a) be the third derivative of a**4/24 + 7*a**3/6 - 365*a**2. Calculate x(-3).
4
Let h(w) = 2*w + 9. Let o(l) = 4*l + 61. Suppose -6*q + 3*q + 9 = 0, 4*d - 3*q + 77 = 0. Let f be o(d). Calculate h(f).
-5
Let o(k) = 1812*k**2 + k**3 + 1815*k**2 - 3617*k**2 + 14 - 2*k. Give o(-9).
113
Let x(q) = 4*q + 5. Let g(u) = -u**3 - 7*u**2 + 1. Let m be g(-7). Let v(s) = 2*s - 1. Let z(n) = m*v(n) + x(n). Determine z(5).
34
Let u(m) = m**2 + 5*m. Let t(r) = -r**2 + 13*r - 16. Let y = -53 - -55. Let j = y - -10. Let x be t(j). Give u(x).
-4
Let g(l) = l**2 - 6*l + 18. Let x be (-27)/(-162)*9*(-16)/(-6). Determine g(x).
10
Let n(d) = 10*d**3 + d + 1. Suppose 2*v + 78 = i, 3*i - 3*v = -0*v + 249. Suppose 0 = i*h - 68*h + 20. Give n(h).
-10
Let n(s) = 29*s + 258. Let u be n(-9). Let d(t) = 2*t**2 + 2*t + 4. What is d(u)?
16
Let k(m) = -m**3 + 6*m**2 - 2*m + 5. Let t be (-22)/(-6)*(-2 - -5). Suppose 0 = -t*b + 15*b - 2*l - 14, -2*l = -2*b + 2. Calculate k(b).
-7
Let s be 26226/9 + -3 + 2. Let i(y) = -y**2 + 2904*y - 1 + 3 - s*y + 6. Determine i(-10).
-2
Let g = 464 + -462. Suppose p + g*f - 2 = 0, 3*p + 5*f = p + 1. Let j(v) = v - 11. What is j(p)?
-3
Let n(b) = 5*b + 290. Let v be n(-56). Let z(t) = t**2 - 12*t + 19. What is z(v)?
-1
Let s(p) = p**3 - 23*p**2 - 2*p + 48. Let b be s(23). Let l(k) = -20 - k**b - 18 + 31 - 8*k. Let w(t) = 3*t - 6. Let y be w(0). Give l(y).
5
Let k(r) = -2*r + 11. Let a(g) = 18 - 18*g + 5*g + 12*g - 2*g. Let s(t) = -3*a(t) + 5*k(t). Suppose -4*o = 2*h - 5*o - 8, 4*o = 4*h - 12. Calculate s(h).
-4
Suppose 24*o = 12*o + 288. Suppose 0 = 5*d - 21 - o. Let m(j) = -j**2 + 7*j. Determine m(d).
-18
Let i = -2080 + 2080. Let h(x) = 4*x**2 - 12. Let z(n) = -n**2 + 1. Let w(s) = -h(s) - 5*z(s). Determine w(i).
7
Let j(g) = -g - 9. Suppose -4*b - 162 = -b + 5*r, b = 3*r - 40. Let k = b - -65. Let q(x) = -x**2 + 15*x + 16. Let d be q(k). Give j(d).
-9
Let h(v) = -v**3 + 9*v**2 - 9*v. Let g(s) = -s**2 + 4*s + 6. Let x be g(-2). Let z be x/(-16) + 1769/232. Give h(z).
-8
Let t(o) be the second derivative of -o**3/6 - o**2/2 - 26*o. Suppose -5*z = 4*l + 51, 15 = -6*l + 4*l + z. Give t(l).
8
Let d(w) = w**2 + 7*w - 2. Suppose 27*y = -0*y - 5238. Let u = y + 185. What is d(u)?
16
Let n(d) = d**3 - 4*d**2 + 3*d - 3. Let x(f) = -1. Let w(r) = n(r) - 2*x(r). Suppose -5*z - 31 = -11. Let m be 4 + 16/(-7) - z/14. Give w(m).
-3
Let a(m) = 21*m - 93. Let o(r) = 25*r - 110. Let x(t) = 7*a(t) - 6*o(t). Suppose 4*i - 4 = 24. Calculate x(i).
-12
Let g be -4 + (-480)/(-112) - (-24)/14. Let y(z) = -26*z**3 - 4 + 25*z**3 - 85*z**g - 3*z + 86*z**2 + 6*z. What is y(4)?
-40
Suppose 67*k - 66*k + 3*n + 7 = 0, -17 = -k + 5*n. Suppose -k*x = 22*x. Let m(c) = -2*c**2 + c + 1. Give m(x).
1
Let t(g) = -2*g - 7. Let b(f) = -5*f - 15. Let r(s) = 6*b(s) - 13*t(s). Suppose -2*q + 325 + 483 = 0. Let i = 402 - q. Calculate r(i).
9
Let d(i) = -3*i + 8. Let s be 8/(-6)*((-9)/6 + 0). Give d(s).
2
Let k(m) = 155*m - 594. Let u(i) = -311*i + 1199. Let p(n) = 5*k(n) + 3*u(n). Calculate p(4).
-5
Let c(q) = q**2 + 4*q - 31. Let w be c(-8). Let h(r) = -5 + 1 + r + 0*r**2 + r**2 - w. Determine h(-6).
25
Suppose 4 = 3*j + 2*g - 46, 35 = 3*j + 5*g. Suppose -j = -23*f + 13*f. Let r(d) = -6*d - 2 + 5*d**2 + 9*d**f + 2*d**2 - 15*d**2. What is r(6)?
-2
Let h(u) be the third derivative of -11*u**6/40 - u**5/60 - u**4/24 - u**3/6 - 1158*u**2 - 1. Give h(-1).
32
Let y(o) be the second derivative of -o**7/2520 + 7*o**6/720 - o**5/20 + o**4/4 + o**2 - 2*o - 1. Let x(i) be the third derivative of y(i). Determine x(4).
6
Suppose -4*f + 25 = 5*o, -4*f + 0*o - 10 = -2*o. Let p(u) = -19*u. Give p(f).
0
Let h(m) = m**3 - 9*m**2 + 6*m + 7. Let f be (-4)/(-6) + 77/15 + (-32)/(-160). Determine h(f).
-65
Let v(x) = -315*x + 241. Let w(a) = -193*a + 160. Let b(f) = 5*v(f) - 8*w(f). Determine b(-6).
111
Let f(b) = 10*b - 767. Let c be f(77). Let h(n) = -2*n**2 - 3*n - 3. Determine h(c).
-30
Let l(t) = t**3 - 6*t**2 - 7*t + 15. Let d(g) = -g**2 + 2*g - 1. Let r(c) = 3*d(c) + l(c). Give r(9).
3
Suppose 92 = -45565*t + 45588*t. Let g(r) = r - 10. Let b(j) = -3*j + 30. Let c(v) = 2*b(v) + 7*g(v). Calculate c(t).
-6
Let v be ((-1020)/408)/((-10)/24). Let f(k) = -k**2 + 5*k + 8. Let b(g) = g**2 - 5*g - 9. Let a(d) = -6*b(d) - 5*f(d). Calculate a(v).
8
Suppose -12*x = 279 - 279. Suppose x = -4*t + 2*l - 34, 15*t - 18*t + 2*l = 26. Let j(c) = c + 19. Give j(t).
11
Suppose 160*s + 104 = 44*s - 128. Let q(o) = -8*o - 5. Give q(s).
11
Let h(m) = m**2 - 20*m + 35. Let a be ((-20)/(-40))/((-2)/(-8)). Determine h(a).
-1
Let v(w) = -3*w**3 - 2*w**2 + w. Suppose -5*d - 696 + 737 = -3*j, 2*d - 24 = 5*j. What is v(j)?
14
Let t = -6 - -8. Suppose 8*l - 7*l - 9 = -2*g, -3*l + 11 = 2*g. Let s(f) = 3 - 5*f + 2 - g. Give s(t).
-9
Let s(o) = 2*o**2 - 2*o + 9. Suppose 0 = g + 2*w - 3, -4*g - 6*w + 4*w = -12. What is s(g)?
21
Let k(h) = -7*h - 2*h**3 - 21 - 32 - 5*h**2 + 40. Let c(v) = 3*v**3 + 4*v**2 + 7*v + 13. Let w(f) = 3*c(f) + 4*k(f). Calculate w(9).
5
Let l(y) be the first derivative of 2*y**2 - 41*y + 3015. Calculate l(12).
7
Let g be (-8)/76 - 2296/(-152). Suppose 0 = -3*u - 4*b - g, 2*u + 10 = -2*b - b. Let n(l) = l**3 + 6*l**2 + l - 5. Determine n(u).
15
Let j(g) be the second derivative of -5*g**3/3 + g**2 - 276*g. Suppose 5*b + 2 = -4*u, -3*u = -4